{"id":28,"date":"2025-06-20T11:46:19","date_gmt":"2025-06-20T11:46:19","guid":{"rendered":"https:\/\/sig2025.uber.space\/?page_id=28"},"modified":"2026-01-16T23:25:51","modified_gmt":"2026-01-16T22:25:51","slug":"aktionen","status":"publish","type":"page","link":"https:\/\/www.sand-im-getriebe.mobi\/en\/aktionen\/","title":{"rendered":"Aktionen"},"content":{"rendered":"\n<h2 class=\"wp-block-heading\">IAA 2025<\/h2>\n\n\n\n<p><strong>Als Sand im Getriebe riefen wir im Rahmen von <a href=\"https:\/\/disrupt-now.org\/\">Disrupt<\/a> zu dezentralen Aktionstagen gegen die Internationale Automobilausstellung (IAA) aus.<\/strong> Dezentral bedeutet, dass alle Menschen dazu eingeladen werden, eigenst\u00e4ndig Sachen zu organisieren &#8211; egal wo. Von Aktionstagen sprechen wir deshalb, weil es sich um einen Aktionszeitraum handelt, innerhalb dessen Dinge passieren k\u00f6nnen. Wir unterst\u00fctzen Aktionen in diesem Zeitraum \u00fcber Legal-Strukturen und \u00d6ffentlichkeitsarbeit. Au\u00dferdem gab es parallel zur IAA wieder ein <a href=\"https:\/\/www.mobiwende.camp\/\" data-type=\"link\" data-id=\"https:\/\/www.mobiwende.camp\/\">Mobilit\u00e4tswende-Camp in M\u00fcnchen<\/a>. F\u00fcr Aktion als Sand im Getriebe ist der <a href=\"\/aktionskonsens\" data-type=\"page\" data-id=\"658\">Aktionskonsens<\/a> verbindlich.<\/p>\n\n\n\n<div class=\"wp-block-buttons is-layout-flex wp-block-buttons-is-layout-flex\">\n<div class=\"wp-block-button\"><a class=\"wp-block-button__link wp-element-button\" href=\"https:\/\/disrupt-now.org\/iaa25\/\">Infos zu #disruptIAA 2025<\/a><\/div>\n<\/div>\n\n\n\n<p>Meldet euch bei offenen Fragen unter:&nbsp;<a href=\"mailto:iaa@disrupt-now.org\">iaa@disrupt-now.org<\/a> <a href=\"https:\/\/keyserver2.pgp.com\/vkd\/DownloadKey.event?keyid=0x5A5192E958A77C5A\">(PGP-Key)<\/a><\/p>\n\n\n\n<h2 class=\"wp-block-heading\">IAA 2023<\/h2>\n\n\n\n<details class=\"wp-block-details is-layout-flow wp-block-details-is-layout-flow\"><summary>R\u00fcckblick<\/summary>\n<p>Was tun, wenn die Erde brennt?<\/p>\n\n\n\n<p>Das Jahr 2023 war das hei\u00dfeste Jahr seit Beginn der Aufzeichnungen. Im selben Jahr fand in M\u00fcnchen die gr\u00f6\u00dfte Automesse der Welt statt \u2013 die Internationale Automobil-Ausstellung (IAA). W\u00e4hrend diese Welt nicht mehr aufh\u00f6ren will zu brennen, haben VW &amp; Co. ihren Beitrag zur Klimakatastrophe auf den sch\u00f6nsten Pl\u00e4tzen M\u00fcnchens ausgestellt \u2013 2,5 Tonnen Stahl, Lithium und Kobalt. Gleichzeitig sieht die Politik fast tatenlos zu, wie der Verkehrssektor die Klimaziele krachend rei\u00dft.<\/p>\n\n\n\n<p>Diesem \u201eWeiter so\u201c von Autoindustrie und Politik haben wir uns als Klimagerechtigkeitsbewegung im Rahmen der Proteste gegen die IAA 2023 entgegengestellt. Viele mutige Aktivist_innen haben mit bunten Aktionen gezeigt, dass es eine Welt nach dem Auto geben muss.<\/p>\n\n\n\n<p>Auch wir als Sand im Getriebe haben mit unseren Aktionen im Rahmen der Kampagne BlockIAA einen Beitrag zu den Protesten geleistet. Bei unseren diesj\u00e4hrigen Aktionen war es uns besonders wichtig, aus den Erfahrungen der vergangenen Proteste rund um die IAA zu lernen. Mit einem ver\u00e4nderten Aktionskonzept haben wir erfolgreich St\u00f6raktionen auf den Open Spaces in der M\u00fcnchner Innenstadt durchgef\u00fchrt.<\/p>\n\n\n\n<p>Hinter diesen Aktionen stehen viele Aktivist_innen, die sich mit ihren K\u00f6rpern gegen die Zerst\u00f6rung unseres Planeten gestellt, ihre Zeit in die Organisation gesteckt und in Mobiveranstaltungen das Feuer gesch\u00fcrt haben. Weniger sichtbar, aber genauso wichtig sind die Supportstrukturen vom Camp \u00fcber die K\u00fcFA bis zur Gesa-Support. Gemeinsam haben wir diese Aktionen m\u00f6glich gemacht! Danke euch! Ihr seid der Bruch im System, der die neue Welt durchscheinen l\u00e4sst.<\/p>\n\n\n\n<h3 class=\"wp-block-heading\">\u00dcberall Polizei, nirgendwo Personalausweise<\/h3>\n\n\n\n<p>Auch in diesem Jahr hat das Land Bayern die IAA mit einem riesigen Polizeiaufgebot begleitet. 4000 Polizist_innen waren f\u00fcr VW &amp; Co abgestellt, um deren Greenwashing-Show zu erm\u00f6glichen.<\/p>\n\n\n\n<p>Doch die Drohkulisse br\u00f6ckelt: Bei den diesj\u00e4hrigen IAA-Protesten war zwar eine enorme Polizeipr\u00e4senz zu sp\u00fcren, doch im Ernstfall schien die Polizei oft \u00fcberfordert. Eine Vielzahl von Aktionen konnten ihre Aktionsziele erreichen, z.B. auch die gro\u00dfartigen Aktionen von NoFuture und SmashIAA sowie einige autonome Kleingruppenaktionen. Massenhaft konnten Aktivist_innen ihre Personalien verweigern \u2013 so wie unser Finger in Dingolfing.<\/p>\n\n\n\n<p>Daraus k\u00f6nnen wir Kraft f\u00fcr die kommenden Proteste in Bayern sch\u00f6pfen, denn diese Erkenntnisse er\u00f6ffnen uns neue Handlungsspielr\u00e4ume. Es scheint, dass auch in Bayern nur mit Wasser gekocht wird!<\/p>\n\n\n\n<h3 class=\"wp-block-heading\">Nach der Aktion ist vor der Aktion<\/h3>\n\n\n\n<p>Trotz akribischer Planung der Aktionen konnte leider nicht ganz verhindert werden, dass einzelne Aktivist_innen von Repressionen betroffen sind. Doch anstatt uns einsch\u00fcchtern zu lassen, stehen wir als Bewegung zusammen! Gemeinsam werden wir der Repression widerstehen und uns umeinander k\u00fcmmern. Bei uns ist niemand allein! Wir rufen daher dazu auf, sich bei unserer Legal-Strukturen (legal[at]sand-im-getriebe.mobi \/ <a rel=\"noreferrer noopener\" href=\"https:\/\/keys.openpgp.org\/vks\/v1\/by-fingerprint\/1616920959B6AB2CDCF10CA88E734EF478ABE64B\" target=\"_blank\">PGP-Key<\/a>) zu melden, wenn im Zusammenhang mit den Aktionen rund um BlockIAA 2023 Post erhalten habt.<\/p>\n\n\n\n<p>Der Kampf gegen Repression muss als Teil unseres Kampfes f\u00fcr ein gutes Leben f\u00fcr alle verstanden werden. Das System Auto ist kriminell, nicht der Protest f\u00fcr eine bessere Welt. VW &amp; Co. geh\u00f6ren auf die Anklagebank, weil die Autoindustrie nicht nur unsere Umwelt verpestet, sondern mit der Scheinl\u00f6sung E-Mobilit\u00e4t nun auch noch die Lebensgrundlagen dort zerst\u00f6rt, wo der von ihr verursachte Klimawandel bereits am deutlichsten zu sp\u00fcren ist. Volker Wissing sollte vorgeladen werden, weil er und sein Autoministerium au\u00dfer Panikmache durch drohende Fahrverbote keine notwendigen und ambitionierten Schritte in Richtung Klimaschutz unternehmen. Die Stadt M\u00fcnchen sollte Sozialstunden ableisten m\u00fcssen, weil sie die Greenwashing-Show IAA chauffiert.<\/p>\n\n\n\n<p>Nur wenn wir auch in Zeiten der Repression zusammenstehen, k\u00f6nnen wir als starke Bewegung dem Normalzustand entgegentreten. Denn es geht um mehr als Klimaschutz!<\/p>\n\n\n\n<p>Deshalb k\u00e4mpfen wir weiter f\u00fcr eine sozial-\u00f6kologische Mobilit\u00e4tswende und ein gutes Leben f\u00fcr alle! Wir freuen uns auf die n\u00e4chsten Proteste und Aktionen mit euch \u2013 in M\u00fcnchen und \u00fcberall!<\/p>\n\n\n\n<p>Eure Sandk\u00f6rner von Sand im Getriebe<\/p>\n<\/details>\n\n\n\n<h2 class=\"wp-block-heading\">IAA 2021<\/h2>\n\n\n\n<p><a href=\"https:\/\/www.flickr.com\/photos\/193907425@N04\/\">Photos<\/a><br><br>Wie die S\u00fcddeutsche Zeitung richtige titelte \u201eDie IAA war ein Erfolg \u2013 vor allem f\u00fcr die Gegner\u201c. Denn gemeinsam mit vielen Akteur_innen haben wir, wie angek\u00fcndigt erfolgreich die Internationale Automobil-Ausstellung (IAA) in M\u00fcnchen blockiert. Trotz starker Repressionen haben sich ca. 1000 Klimaaktivist*innen entschlossen der Autoindustrie entgegengestellt und gezeigt, dass eine andere Welt m\u00f6glich ist.<br><strong>Danke an die wunderbaren lokalen Strukturen, die uns in M\u00fcnchen mit dem Camp, Rechtshilfe, Logistik, Schlafpl\u00e4tzen und K\u00fcfA unterst\u00fctzt haben! Danke allen Sandk\u00f6rnern. Euer Einsatz war grandios!<\/strong><\/p>\n\n\n\n<p>F\u00fcr bessere Eindr\u00fccke findet ihr hier unseren Aftermovie:<\/p>\n\n\n\n<h2 class=\"wp-block-heading\">A100<\/h2>\n\n\n\n<h2 class=\"wp-block-heading\">Pop-Up-Radwege<\/h2>\n\n\n\n<h2 class=\"wp-block-heading\">IAA 2019<\/h2>\n\n\n\n<p><a href=\"https:\/\/www.flickr.com\/photos\/184429317@N07\/albums\/72157710834873146\/with\/48736344681\/\">Photos<\/a><\/p>\n\n\n\n<p>Artikel <a href=\"https:\/\/arranca.org\/ausgaben\/brave-new-climate\/von-der-grube-auf-die-stra%C3%9Fe\">Von der Grube auf die Stra\u00dfe<\/a> von Janna Aljets &amp; Tadzio M\u00fcller in arranca #53 zu Motivation f\u00fcr die erste IAA-Blockade<\/p>\n\n\n\n<p><\/p>\n\n\n\n<p><\/p>\n","protected":false},"excerpt":{"rendered":"<p>IAA 2025 Als Sand im Getriebe riefen wir im Rahmen von Disrupt zu dezentralen Aktionstagen gegen die Internationale Automobilausstellung (IAA) aus. Dezentral bedeutet, dass alle Menschen dazu eingeladen werden, eigenst\u00e4ndig Sachen zu organisieren &#8211; egal wo. Von Aktionstagen sprechen wir deshalb, weil es sich um einen Aktionszeitraum handelt, innerhalb dessen Dinge passieren k\u00f6nnen. Wir unterst\u00fctzen [&hellip;]<\/p>\n","protected":false},"author":1,"featured_media":0,"parent":0,"menu_order":0,"comment_status":"closed","ping_status":"closed","template":"","meta":{"footnotes":""},"class_list":["post-28","page","type-page","status-publish","hentry"],"blocksy_meta":[],"_links":{"self":[{"href":"https:\/\/www.sand-im-getriebe.mobi\/en\/wp-json\/wp\/v2\/pages\/28","targetHints":{"allow":["GET"]}}],"collection":[{"href":"https:\/\/www.sand-im-getriebe.mobi\/en\/wp-json\/wp\/v2\/pages"}],"about":[{"href":"https:\/\/www.sand-im-getriebe.mobi\/en\/wp-json\/wp\/v2\/types\/page"}],"author":[{"embeddable":true,"href":"https:\/\/www.sand-im-getriebe.mobi\/en\/wp-json\/wp\/v2\/users\/1"}],"replies":[{"embeddable":true,"href":"https:\/\/www.sand-im-getriebe.mobi\/en\/wp-json\/wp\/v2\/comments?post=28"}],"version-history":[{"count":13,"href":"https:\/\/www.sand-im-getriebe.mobi\/en\/wp-json\/wp\/v2\/pages\/28\/revisions"}],"predecessor-version":[{"id":940,"href":"https:\/\/www.sand-im-getriebe.mobi\/en\/wp-json\/wp\/v2\/pages\/28\/revisions\/940"}],"wp:attachment":[{"href":"https:\/\/www.sand-im-getriebe.mobi\/en\/wp-json\/wp\/v2\/media?parent=28"}],"curies":[{"name":"wp","href":"https:\/\/api.w.org\/{rel}","templated":true}]}}

<h2 class="wp-block-heading">IAA 2025</h2>



<p><strong>Als Sand im Getriebe riefen wir im Rahmen von <a href="https://disrupt-now.org/">Disrupt</a> zu dezentralen Aktionstagen gegen die Internationale Automobilausstellung (IAA) aus.</strong> Dezentral bedeutet, dass alle Menschen dazu eingeladen werden, eigenständig Sachen zu organisieren &#8211; egal wo. Von Aktionstagen sprechen wir deshalb, weil es sich um einen Aktionszeitraum handelt, innerhalb dessen Dinge passieren können. Wir unterstützen Aktionen in diesem Zeitraum über Legal-Strukturen und Öffentlichkeitsarbeit. Außerdem gab es parallel zur IAA wieder ein <a href="https://www.mobiwende.camp/" data-type="link" data-id="https://www.mobiwende.camp/">Mobilitätswende-Camp in München</a>. Für Aktion als Sand im Getriebe ist der <a href="/aktionskonsens" data-type="page" data-id="658">Aktionskonsens</a> verbindlich.</p>



<div class="wp-block-buttons is-layout-flex wp-block-buttons-is-layout-flex">
<div class="wp-block-button"><a class="wp-block-button__link wp-element-button" href="https://disrupt-now.org/iaa25/">Infos zu #disruptIAA 2025</a></div>
</div>



<p>Meldet euch bei offenen Fragen unter:&nbsp;<a href="mailto:iaa@disrupt-now.org">iaa@disrupt-now.org</a> <a href="https://keyserver2.pgp.com/vkd/DownloadKey.event?keyid=0x5A5192E958A77C5A">(PGP-Key)</a></p>



<h2 class="wp-block-heading">IAA 2023</h2>



<details class="wp-block-details is-layout-flow wp-block-details-is-layout-flow"><summary>Rückblick</summary>
<p>Was tun, wenn die Erde brennt?</p>



<p>Das Jahr 2023 war das heißeste Jahr seit Beginn der Aufzeichnungen. Im selben Jahr fand in München die größte Automesse der Welt statt – die Internationale Automobil-Ausstellung (IAA). Während diese Welt nicht mehr aufhören will zu brennen, haben VW &amp; Co. ihren Beitrag zur Klimakatastrophe auf den schönsten Plätzen Münchens ausgestellt – 2,5 Tonnen Stahl, Lithium und Kobalt. Gleichzeitig sieht die Politik fast tatenlos zu, wie der Verkehrssektor die Klimaziele krachend reißt.</p>



<p>Diesem „Weiter so“ von Autoindustrie und Politik haben wir uns als Klimagerechtigkeitsbewegung im Rahmen der Proteste gegen die IAA 2023 entgegengestellt. Viele mutige Aktivist_innen haben mit bunten Aktionen gezeigt, dass es eine Welt nach dem Auto geben muss.</p>



<p>Auch wir als Sand im Getriebe haben mit unseren Aktionen im Rahmen der Kampagne BlockIAA einen Beitrag zu den Protesten geleistet. Bei unseren diesjährigen Aktionen war es uns besonders wichtig, aus den Erfahrungen der vergangenen Proteste rund um die IAA zu lernen. Mit einem veränderten Aktionskonzept haben wir erfolgreich Störaktionen auf den Open Spaces in der Münchner Innenstadt durchgeführt.</p>



<p>Hinter diesen Aktionen stehen viele Aktivist_innen, die sich mit ihren Körpern gegen die Zerstörung unseres Planeten gestellt, ihre Zeit in die Organisation gesteckt und in Mobiveranstaltungen das Feuer geschürt haben. Weniger sichtbar, aber genauso wichtig sind die Supportstrukturen vom Camp über die KüFA bis zur Gesa-Support. Gemeinsam haben wir diese Aktionen möglich gemacht! Danke euch! Ihr seid der Bruch im System, der die neue Welt durchscheinen lässt.</p>



<h3 class="wp-block-heading">Überall Polizei, nirgendwo Personalausweise</h3>



<p>Auch in diesem Jahr hat das Land Bayern die IAA mit einem riesigen Polizeiaufgebot begleitet. 4000 Polizist_innen waren für VW &amp; Co abgestellt, um deren Greenwashing-Show zu ermöglichen.</p>



<p>Doch die Drohkulisse bröckelt: Bei den diesjährigen IAA-Protesten war zwar eine enorme Polizeipräsenz zu spüren, doch im Ernstfall schien die Polizei oft überfordert. Eine Vielzahl von Aktionen konnten ihre Aktionsziele erreichen, z.B. auch die großartigen Aktionen von NoFuture und SmashIAA sowie einige autonome Kleingruppenaktionen. Massenhaft konnten Aktivist_innen ihre Personalien verweigern – so wie unser Finger in Dingolfing.</p>



<p>Daraus können wir Kraft für die kommenden Proteste in Bayern schöpfen, denn diese Erkenntnisse eröffnen uns neue Handlungsspielräume. Es scheint, dass auch in Bayern nur mit Wasser gekocht wird!</p>



<h3 class="wp-block-heading">Nach der Aktion ist vor der Aktion</h3>



<p>Trotz akribischer Planung der Aktionen konnte leider nicht ganz verhindert werden, dass einzelne Aktivist_innen von Repressionen betroffen sind. Doch anstatt uns einschüchtern zu lassen, stehen wir als Bewegung zusammen! Gemeinsam werden wir der Repression widerstehen und uns umeinander kümmern. Bei uns ist niemand allein! Wir rufen daher dazu auf, sich bei unserer Legal-Strukturen (legal[at]sand-im-getriebe.mobi / <a rel="noreferrer noopener" href="https://keys.openpgp.org/vks/v1/by-fingerprint/1616920959B6AB2CDCF10CA88E734EF478ABE64B" target="_blank">PGP-Key</a>) zu melden, wenn im Zusammenhang mit den Aktionen rund um BlockIAA 2023 Post erhalten habt.</p>



<p>Der Kampf gegen Repression muss als Teil unseres Kampfes für ein gutes Leben für alle verstanden werden. Das System Auto ist kriminell, nicht der Protest für eine bessere Welt. VW &amp; Co. gehören auf die Anklagebank, weil die Autoindustrie nicht nur unsere Umwelt verpestet, sondern mit der Scheinlösung E-Mobilität nun auch noch die Lebensgrundlagen dort zerstört, wo der von ihr verursachte Klimawandel bereits am deutlichsten zu spüren ist. Volker Wissing sollte vorgeladen werden, weil er und sein Autoministerium außer Panikmache durch drohende Fahrverbote keine notwendigen und ambitionierten Schritte in Richtung Klimaschutz unternehmen. Die Stadt München sollte Sozialstunden ableisten müssen, weil sie die Greenwashing-Show IAA chauffiert.</p>



<p>Nur wenn wir auch in Zeiten der Repression zusammenstehen, können wir als starke Bewegung dem Normalzustand entgegentreten. Denn es geht um mehr als Klimaschutz!</p>



<p>Deshalb kämpfen wir weiter für eine sozial-ökologische Mobilitätswende und ein gutes Leben für alle! Wir freuen uns auf die nächsten Proteste und Aktionen mit euch – in München und überall!</p>



<p>Eure Sandkörner von Sand im Getriebe</p>
</details>



<h2 class="wp-block-heading">IAA 2021</h2>



<p><a href="https://www.flickr.com/photos/193907425@N04/">Photos</a><br><br>Wie die Süddeutsche Zeitung richtige titelte „Die IAA war ein Erfolg – vor allem für die Gegner“. Denn gemeinsam mit vielen Akteur_innen haben wir, wie angekündigt erfolgreich die Internationale Automobil-Ausstellung (IAA) in München blockiert. Trotz starker Repressionen haben sich ca. 1000 Klimaaktivist*innen entschlossen der Autoindustrie entgegengestellt und gezeigt, dass eine andere Welt möglich ist.<br><strong>Danke an die wunderbaren lokalen Strukturen, die uns in München mit dem Camp, Rechtshilfe, Logistik, Schlafplätzen und KüfA unterstützt haben! Danke allen Sandkörnern. Euer Einsatz war grandios!</strong></p>



<p>Für bessere Eindrücke findet ihr hier unseren Aftermovie:</p>



<h2 class="wp-block-heading">A100</h2>



<h2 class="wp-block-heading">Pop-Up-Radwege</h2>



<h2 class="wp-block-heading">IAA 2019</h2>



<p><a href="https://www.flickr.com/photos/184429317@N07/albums/72157710834873146/with/48736344681/">Photos</a></p>



<p>Artikel <a href="https://arranca.org/ausgaben/brave-new-climate/von-der-grube-auf-die-stra%C3%9Fe">Von der Grube auf die Straße</a> von Janna Aljets &amp; Tadzio Müller in arranca #53 zu Motivation für die erste IAA-Blockade</p>



<p></p>



<p></p>

<p>IAA 2025 Als Sand im Getriebe riefen wir im Rahmen von Disrupt zu dezentralen Aktionstagen gegen die Internationale Automobilausstellung (IAA) aus. Dezentral bedeutet, dass alle Menschen dazu eingeladen werden, eigenständig Sachen zu organisieren &#8211; egal wo. Von Aktionstagen sprechen wir deshalb, weil es sich um einen Aktionszeitraum handelt, innerhalb dessen Dinge passieren können. Wir unterstützen [&hellip;]</p>
